vert -110 (base 2) to base 4.
-12
Convert -48 (base 12) to base 11.
-51
Convert 32 (base 15) to base 16.
2f
Convert -26 (base 9) to base 8.
-30
111 (base 3) to base 4
31
-36 (base 16) to base 11
-4a
What is 92 (base 11) in base 14?
73
-23 (base 6) to base 14
-11
What is 3 (base 8) in base 2?
11
What is 5 (base 14) in base 16?
5
-12 (base 3) to base 9
-5
-266 (base 10) to base 5
-2031
-21 (base 4) to base 3
-100
Convert -18 (base 16) to base 9.
-26
-1001011 (base 2) to base 15
-50
Convert 1 (base 3) to base 12.
1
What is 244 (base 7) in base 2?
10000010
What is -4 (base 5) in base 3?
-11
Convert 10 (base 4) to base 5.
4
Convert 2 (base 4) to base 10.
2
What is 4 (base 16) in base 2?
100
What is 0 (base 9) in base 10?
0
What is 0 (base 9) in base 13?
0
Convert 4 (base 6) to base 11.
4
Convert 13 (base 8) to base 16.
b
-14 (base 10) to base 16
-e
What is -2 (base 11) in base 5?
-2
What is 4 (base 11) in base 13?
4
What is -1013 (base 7) in base 3?
-111002
Convert 57 (base 9) to base 12.
44
What is -2c (base 14) in base 7?
-55
What is -11010 (base 2) in base 8?
-32
What is 41 (base 9) in base 11?
34
What is -20 (base 4) in base 12?
-8
10 (base 6) to base 2
110
What is -39 (base 14) in base 12?
-43
What is -222 (base 6) in base 7?
-152
-3 (base 5) to base 14
-3
What is -55 (base 15) in base 2?
-1010000
What is -a9 (base 11) in base 10?
-119
57 (base 11) to base 4
332
What is 0 (base 5) in base 14?
0
Convert 20 (base 14) to base 2.
11100
Convert -2011 (base 3) to base 6.
-134
Convert -10 (base 8) to base 5.
-13
Convert b9 (base 12) to base 8.
215
1110000 (base 2) to base 16
70
5 (base 16) to base 7
5
What is 17 (base 11) in base 4?
102
Convert 110 (base 2) to base 9.
6
-8 (base 13) to base 12
-8
Convert -104 (base 11) to base 2.
-1111101
What is 3 (base 10) in base 5?
3
What is -101100 (base 2) in base 3?
-1122
What is -3 (base 9) in base 12?
-3
What is 1011 (base 2) in base 14?
b
-14 (base 13) to base 4
-101
What is -77 (base 11) in base 14?
-60
-a (base 15) to base 7
-13
101 (base 2) to base 10
5
-36 (base 9) to base 8
-41
-3 (base 9) to base 13
-3
What is 0 (base 10) in base 11?
0
What is -1 (base 13) in base 8?
-1
-32 (base 15) to base 13
-38
Convert 4 (base 11) to base 10.
4
What is -2302 (base 5) in base 8?
-507
What is -66 (base 11) in base 14?
-52
2 (base 10) to base 11
2
What is 114 (base 14) in base 5?
1324
Convert -4 (base 15) to base 2.
-100
3 (base 7) to base 5
3
-4 (base 15) to base 2
-100
-5 (base 6) to base 11
-5
2 (base 14) to base 12
2
-1000 (base 3) to base 7
-36
134 (base 10) to base 8
206
1 (base 15) to base 12
1
Convert 21 (base 13) to base 10.
27
Convert 103 (base 6) to base 13.
30
Convert -35 (base 10) to base 9.
-38
Convert 10000 (base 2) to base 3.
121
Convert 3 (base 6) to base 5.
3
1d (base 16) to base 14
21
Convert -2 (base 10) to base 8.
-2
Convert 43 (base 8) to base 9.
38
What is 3c (base 14) in base 9?
60
What is 12 (base 6) in base 8?
10
-300 (base 4) to base 9
-53
What is 13 (base 4) in base 15?
7
What is 153 (base 12) in base 2?
11001111
What is 2 (base 12) in base 7?
2
What is 1110 (base 2) in base 13?
11
What is 3 (base 5) in base 7?
3
Convert -41 (base 5) to base 9.
-23
Convert 6 (base 16) to base 5.
11
Convert 1 (base 7) to base 3.
1
Convert 3 (base 6) to base 13.
3
178 (base 9) to base 11
129
Convert -1300 (base 4) to base 11.
-a2
Convert -1000 (base 3) to base 10.
-27
Convert 28 (base 14) to base 7.
51
What is 0 (base 2) in base 5?
0
What is 44 (base 14) in base 2?
111100
What is -46 (base 16) in base 13?
-55
What is -5 (base 13) in base 3?
-12
What is 11 (base 14) in base 15?
10
Convert 4 (base 13) to base 6.
4
-160 (base 12) to base 5
-1331
What is -11 (base 14) in base 12?
-13
What is -1 (base 3) in base 10?
-1
Convert -1 (base 2) to base 6.
-1
430 (base 7) to base 11
188
What is 5 (base 14) in base 13?
5
Convert 1102 (base 3) to base 13.
2c
What is -3 (base 11) in base 9?
-3
What is -197 (base 10) in base 6?
-525
Convert 6 (base 9) to base 10.
6
Convert 20 (base 3) to base 9.
6
What is -73 (base 16) in base 7?
-223
What is -1 (base 9) in base 3?
-1
-22121 (base 3) to base 13
-14b
5 (base 7) to base 15
5
What is -22 (base 3) in base 14?
-8
Convert 4 (base 12) to base 13.
4
Convert 25 (base 16) to base 10.
37
What is -56 (base 12) in base 10?
-66
-1 (base 5) to base 7
-1
What is 11222 (base 3) in base 6?
342
-51 (base 8) to base 7
-56
Convert -5 (base 11) to base 8.
-5
What is 6a (base 11) in base 14?
56
-10 (base 5) to base 2
-101
26 (base 11) to base 13
22
What is -2 (base 15) in base 14?
-2
What is -10 (base 12) in base 4?
-30
Convert b (base 12) to base 6.
15
Convert 111011 (base 2) to base 13.
47
Convert -91 (base 14) to base 13.
-9a
6 (base 10) to base 7
6
Convert 4 (base 13) to base 14.
4
What is 12 (base 8) in base 4?
22
What is -3 (base 15) in base 16?
-3
-112 (base 6) to base 13
-35
-2 (base 16) to base 5
-2
What is -49 (base 16) in base 9?
-81
What is 44 (base 11) in base 13?
39
-1b (base 16) to base 5
-102
Convert -3 (base 8) to base 4.
-3
Convert 46 (base 13) to base 2.
111010
What is -9 (base 16) in base 8?
-11
What is 16 (base 11) in base 3?
122
What is 3 (base 5) in base 15?
3
Convert 0 (base 14) to base 8.
0
2 (base 10) to base 16
2
2100 (base 3) to base 9
70
Convert 11 (base 14) to base 2.
1111
Convert 32 (base 15) to base 8.
57
11 (base 10) to base 16
b
-6 (base 10) to base 14
-6
9 (base 13) to base 11
9
-11210 (base 3) to base 9
-153
What is -aa (base 14) in base 9?
-176
What is 11 (base 7) in base 15?
8
Convert -b (base 15) to base 9.
-12
What is -233 (base 11) in base 4?
-10112
Convert -21 (base 6) to base 15.
-d
-421 (base 6) to base 12
-111
9c (base 13) to base 11
108
What is -17 (base 14) in base 11?
-1a
-33 (base 6) to base 2
-10101
What is -26 (base 8) in base 2?
-10110
Convert 101 (base 5) to base 6.
42
What is -3 (base 15) in base 3?
-10
-3 (base 12) to base 14
-3
0 (base 9) to base 4
0
7 (base 14) to base 13
7
What is 35 (base 8) in base 3?
1002
Convert 1 (base 3) to base 5.
1
Convert -41 (base 16) to base 10.
-65
What is 111 (base 2) in base 15?
7
18 (base 13) to base 12
19
1 (base 13) to base 15
1
What is 1c2 (base 13) in base 8?
507
-120 (base 5) to base 11
-32
What is -4d (base 15) in base 16?
-49
What is -48 (base 11) in base 2?
-110100
What is -133 (base 7) in base 13?
-58
-45 (base 8) to base 10
-37
-2 (base 15) to base 6
-2
What is -67 (base 16) in base 4?
-1213
Convert c (base 14) to base 5.
22
3 (base 11) to base 3
10
23 (base 10) to base 15
18
What is -23 (base 5) in base 2?
-1101
Convert 12 (base 3) to base 9.
5
Convert 11 (base 7) to base 12.
8
Convert -c (base 13) to base 10.
-12
Convert 9 (base 16) to base 15.
9
Convert -10 (base 5) to base 4.
-11
-3 (base 5) to base 3
-10
Convert -3 (base 13) to base 16.
-3
What is -100110 (base 2) in base 6?
-102
a9 (base 13) to base 10
139
Convert -1053 (base 6) to base 10.
-249
Convert -14 (base 10) to base 5.
-24
What is -220 (base 4) in base 5?
-130
What is 0 (base 3) in base 12?
0
Convert 124 (base 16) to base 3.
101211
Convert -4 (base 15) to base 8.
-4
-3 (base 15) to base 5
-3
Convert 1 (base 2) to base 8.
1
What is 146 (base 8) in base 15?
6c
Convert -13c (base 13) to base 10.
-220
-112 (base 7) to base 16
-3a
What is -21 (base 6) in base 9?
-14
-6 (base 12) to base 8
-6
Convert 120 (base 3) to base 13.
12
Convert 1 (base 16) to base 2.
1
What is 11 (base 7) in base 15?
8
Convert 8 (base 16) to base 2.
1000
What is -1 (base 12) in base 14?
-1
Convert -22 (base 4) to base 5.
-20
Convert 7 (base 9) to base 10.
7
What is 3 (base 5) in base 4?
3
What is 5 (base 10) in base 4?
11
40 (base 10) to base 9
44
What is 11110 (base 2) in base 6?
50
-11110001 (base 2) to base 10
-241
1000111 (base 2) to base 9
78
2 (base 6) to base 15
2
What is -3 (base 6) in base 2?
-11
Convert -3 (base 12) to base 14.
-3
What is 0 (base 10) in base 4?
0
-10 (base 6) to base 5
-11
What is -93 (base 10) in base 8?
-135
-2 (base 5) to base 7
-2
Convert -1102 (base 3) to base 11.
-35
Convert -22 (base 5) to base 8.
-14
Convert -1100 (base 4) to base 11.
-73
Convert 31 (base 9) to base 12.
24
-11 (base 2) to base 12
-3
Convert -10011 (base 2) to base 5.
-34
What is 305 (base 7) in base 9?
178
What is -100 (base 3) in base 2?
-1001
-5 (base 14) t